. Is b prime?
False
Let q(j) = 2234*j - 611. Is q(6) composite?
True
Suppose -m = -2*w - 3*m + 704, 0 = w - 5*m - 352. Let g = w + -59. Suppose l - g = -87. Is l a prime number?
False
Let c(n) = -26*n**2 + 2*n - 8. Let t be c(6). Let z be 4/(-16) + t/(-16). Suppose -5*w + z + 51 = -r, -3*w + 4*r + 79 = 0. Is w a prime number?
False
Let k be (5 - 1)/1 + 2*76. Let b = 217 + k. Is b a prime number?
True
Let q(v) = v + 7. Let y be q(3). Let o(j) = -j**3 + 12*j**2 + 13*j + 5. Is o(y) composite?
True
Is ((-2)/(-3))/(6/6849) composite?
False
Let y(k) = -3 - 1 + 1 - 127*k - 7*k. Is y(-5) composite?
True
Suppose 2 = -s + 4*t - 3*t, 4*s + t - 2 = 0. Suppose -4*q + 9*q - 1505 = s. Suppose k = -3*c - c + 41, 0 = -5*k + 4*c + q. Is k a composite number?
True
Suppose 0*j = -5*j + 440. Suppose 0 = 5*b - 7 - j. Is b a composite number?
False
Suppose -2*t + 7*t - 2*l = -36, 3*l - 3 = -t. Let a(v) = -14*v**3 - 3*v**2 - 4*v - 11. Is a(t) composite?
True
Suppose 0 = -6*j + 18. Suppose -a = -4*l + 42, -2*l + 0*a = j*a - 14. Is (-1249 - l)/(-1*1) prime?
True
Suppose 0 = 8*w - 9*w. Suppose -5*z = 3*h - 2444, w*z + 4*z - 5*h - 1933 = 0. Is z prime?
True
Let p = -104 - -343. Is p a composite number?
False
Let s(c) = 2*c**2 - c**3 - 1 - 5*c**2 + 3*c**3 + 3*c. Let q be (18/(-24))/(3/(-12)). Is s(q) composite?
True
Let k = 163 - 1001. Is (-18)/(-12)*k/(-3) prime?
True
Let i(h) = 91*h**2 + 19*h + 59. Is i(6) composite?
False
Let q be 1 + 1/1 - -12. Suppose q*l + 993 = 17*l. Is l composite?
False
Suppose -2*f + 2*d - 9 = -3*d, f = -2*d + 9. Suppose 0 = -f*a + 8*a + 1955. Let r = a - -768. Is r a composite number?
True
Suppose 0 = 3*w - 12*w + 27. Suppose -w*o - a = 2*o - 747, -5*a - 586 = -4*o. Is o prime?
True
Let a = 1423 - 440. Is a prime?
True
Let s be (1/3)/(25/6 - 4). Let d(a) = 10*a + 1 + 2*a + 33*a. Is d(s) a prime number?
False
Is (-24)/(-132)*1 + 146890/22 a composite number?
True
Let m(v) = 364*v**2 + 10*v - 7. Is m(3) a composite number?
False
Let a be (6 - -228)/((-3)/8). Let u = -1167 - a. Let b = u - -776. Is b a prime number?
True
Let s(v) = -308*v**3 - 3*v**2 + 2*v + 2. Is s(-3) prime?
False
Let b be 15/((-4)/(-1200)*9). Suppose -3*k - 867 = -4*x, -b = -4*x - k + 347. Is x a composite number?
True
Let f be 4/(-2) - (-14 + 11258). Let t = f + 6414. Is t/(-34) + 2/(-17) prime?
False
Suppose -647*w + 662*w = 658695. Is w a prime number?
True
Let z be (-4 - 2)*1/(-3). Suppose 4*n = z*n + 10. Suppose -4*y = 3*q - 651, n = -5*y - 10. Is q prime?
False
Let s = -85441 + 120800. Is s composite?
True
Suppose 16*w = -0*w + 39248. Is w a prime number?
False
Suppose 23*y - 3362 = -441. Is y composite?
False
Suppose 2*d - 857 = 52785. Is d a composite number?
False
Is (-2)/(-13) + 108003/91 prime?
True
Suppose -5 = 2*y + 3*y. Let q = 11 - 12. Is -265*(-1)/q*y a composite number?
True
Suppose d = 2*d - 4. Suppose -5*m - 936 = -d*k, 2*k + 709 = 5*k - 2*m. Is (-7)/((-21)/(-6)) + k a composite number?
True
Suppose -4*k + 200080 = -4*t, -150058 = -3*k + 95*t - 90*t. Is k prime?
True
Let g = 13 - 23. Let j = g - -13. Suppose -3*x + 567 = j*s, 7*s = 4*s - 4*x + 565. Is s prime?
True
Let g(c) = -260*c**3 + 13*c**2 + 2*c + 2. Is g(-3) a prime number?
False
Let y = -1053 + -2338. Let x = y + 5748. Is x composite?
False
Suppose -5*g + r = 2*r - 946, 4*g - 776 = 4*r. Suppose -4*b = 4*t - 476, -3*b + 163 = 2*t - g. Suppose w - 2*w + b = 0. Is w a prime number?
False
Let f(y) = -329*y + 183. Is f(-16) a prime number?
False
Let x be ((-9)/6 + 2)/((-2)/12). Is (38545/x)/(-5) + (-4)/6 composite?
True
Let p(y) = -4*y**2 + 23*y - 31. Let k(c) = -6*c**2 + 35*c - 47. Let v be 2/13 + 252/52. Let s(d) = v*k(d) - 8*p(d). Is s(-10) a composite number?
True
Suppose -3*o + 4 = a, a - 2*o = 3*a + 4. Is ((-163)/3)/(a/45) prime?
False
Suppose 3*r - 81 = -5*c, 62 = c + 3*c + r. Let u = -15 + c. Suppose -28*y + 23*y + 45 = u. Is y a prime number?
False
Suppose 2*k - 8 + 0 = 0. Suppose -3*c + 2*b + 2*b + 3301 = 0, 4400 = 4*c - k*b. Is c prime?
False
Let c = -42 - -84. Let a = c - -16. Is a a composite number?
True
Let u(h) = 150*h**2 - 18*h + 1. Is u(4) a composite number?
True
Let b(t) = 9*t**2 + 61*t + 5. Is b(17) prime?
True
Let s(k) = 5*k**3 - 2*k**2 + 2*k + 3. Suppose -5*d - 60 = -0*d. Let b = -8 - d. Is s(b) composite?
True
Let c(v) = 60*v**2 - 22*v + 1. Is c(-6) composite?
False
Let g = 40117 - -8290. Is g composite?
False
Let s = -5254 - -8253. Is s prime?
True
Let s be (3 - 7)/((-4)/(-6)). Is ((-21)/(-14))/(s/(-356)) prime?
True
Let w = 178932 - 106681. Is w a composite number?
False
Suppose y - 6*y = -40. Let i = 15 - y. Is i a prime number?
True
Let p(u) = 4*u**3 - 2*u**2 + 2*u - 1. Let t be p(7). Suppose 7*b = -t - 2360. Let n = b + 780. Is n prime?
False
Is (4/(-6))/(-7 - (-619297)/88473) a composite number?
True
Suppose -3*b + 2*l + 709 = 72, -217 = -b - 4*l. Suppose -3*z - 6 = 0, 5*s + 5*z = -b + 83. Is ((-12)/s)/((-1)/(-74)) a prime number?
True
Let h(a) = -a**3 + 10*a**2 - 21*a + 36. Let n be h(8). Let m(s) = s**3 - 3*s**2 + 2*s - 3. Let i be m(2). Is (i - 43)/(n/34) prime?
False
Suppose -2242506 = -57*s + 15*s. Is s composite?
True
Let p(o) = -30*o**3 + 14*o**2 + 20*o + 11. Is p(-7) composite?
False
Let u(g) = 68*g**3 - 6*g**2 + 4*g + 11. Is u(4) a composite number?
False
Let f(v) = v**2 + 10*v + 16. Let p be f(-8). Let s(b) = -3 - 5*b + 0 + p - 30*b**3 + b**2. Is s(-2) prime?
True
Let l = 23 - 21. Let o(v) = v - 7*v - 4*v**l - 4*v**2 - v**3 - 11. Is o(-8) composite?
False
Let g = -380 + 1406. Let v = -997 + 650. Let u = g + v. Is u a prime number?
False
Suppose 2*z + 4*q - 2 = 0, 5*q - 15 = -3*z + 3*q. Let r = -5 + z. Suppose r*b + 1810 = 2*f, -2*b = -0*f + f - 911. Is f composite?
False
Let o(j) = 5*j + 3. Let k(t) = -1. Let a(n) = 5*k(n) + 5*o(n). Let y(p) = -p**2 + 11*p + 69. Let s be y(15). Is a(s) a prime number?
False
Let k(t) = t**2 + 12*t + 14. Let y(i) = -2*i**2 + 2*i + 1. Let m be y(3). Let x be k(m). Is ((-21)/(-14))/(x/116) composite?
True
Let w be 0 + (-1)/((-3)/18). Let p = -7 + w. Is -3 - -235 - (0 + p) composite?
False
Suppose 22*l - 57 = 9. Is ((-5199)/l)/(0 - (0 - -1)) composite?
False
Let s(d) be the third derivative of -7*d**6/40 - d**5/30 - d**4/12 - 7*d**3/6 - 38*d**2. Is s(-2) composite?
False
Let m = -28 - -28. Suppose m = -13*w + 12*w. Suppose -u + 2*c + 79 = w, 3*u + u - 4*c - 324 = 0. Is u a prime number?
True
Is (1 - 0 - 3) + (5226 - 5) a prime number?
False
Suppose -511 + 22 = 3*q. Let j = -87 - q. Is ((-1)/(-4))/(1/j) composite?
False
Let w = 40 + -39. Is (997/(-5))/(w/(-5) - 0) a composite number?
False
Suppose -i = -2*i + 1. Let j be i*(-3)/((-3)/(-4)). Is ((-1222)/j)/((-7)/(-14)) a composite number?
True
Let s be 2/3 - (-2)/6. Let k(m) = -m**3 + 2*m - 1. Let d be k(s). Suppose -5*z = -d*z - 615. Is z a prime number?
False
Let n(a) = 3675*a - 20. Is n(5) prime?
False
Suppose 3806 = -5*y + 691. Is (y/(-4))/(46/(-8) - -6) a prime number?
False
Is (31016/12)/(9*(-16)/(-2376)) prime?
False
Suppose 2*j + 2036 = 3*l, 5*l = -2*j - 2*j + 3364. Let z = 1095 - l. Is z prime?
True
Let r(v) = v**3 + 6*v + 12827. Is r(0) a composite number?
True
Let f be (-6)/4*(5 - 7). Suppose -5*c - 2*j = 2*j - 6216, -3708 = -f*c + 3*j. Suppose 5*v - 989 = -4*t, 0 = -5*t + 5*v - 10*v + c. Is t a composite number?
False
Let d(a) = a + 1 - a**2 + 5*a - 2. Let p be d(5). Suppose -16 = p*m, -2*n - n = -4*m - 397. Is n a prime number?
True
Let u = -8 - -25. Let k = u + -3. Suppose k*c - 9*c = 1015. Is c a composite number?
True
Suppose 0 = -2*n + 3*f - 2, -2*n + 3*f - 4*f + 14 = 0. Suppose 35 - 15 = n*x. Suppose x*v + 272 = 5*s - 137, -5*v = -2*s + 150. Is s a composite number?
True
Let f(a) = a**3 + a**2 + 5*a + 2. Let u be f(7). Let v = u - 112. Is v composite?
False
Let u(y) = y**2 + 9*y - 22. Let v be u(-11). Is (3/(-3) - v)/(9/(-10539)) prime?
True
Suppose 12546 = 4*w + 2*o, -13*o - 12550 = -4*w - 11*o. Is w a prime number?
True
Is (686222/24 - (-29)/(-348))*2 a prime number?
False
Suppose -6*c - 110 = -11*c. Let f(i) = -i + 121. Let z be f(0). Let n = c + z. Is n composite?
True
Suppose 4*f - 244204 = -5*h - 6901, 2*f + 94914 = 2*h. Is h a prime number?
True
Suppose 0 = 3*x + 3*j - 37131, -16 = -7*j + 3*j. Is x a composite number?
False
Let w(a) = -2*a**2 + 2*a + 2*a**3 - 5